{"id":1236,"date":"2024-10-30T08:18:05","date_gmt":"2024-10-30T07:18:05","guid":{"rendered":"https:\/\/agri-cool.eu\/events\/agri-cool-no-clima-2025\/"},"modified":"2024-10-30T08:18:05","modified_gmt":"2024-10-30T07:18:05","slug":"agri-cool-no-clima-2025","status":"publish","type":"mec-events","link":"https:\/\/agri-cool.eu\/pt-pt\/events\/agri-cool-no-clima-2025\/","title":{"rendered":"AGRI COOL no Clima 2025"},"content":{"rendered":"<p>Temos o prazer de anunciar que o projeto AGRI COOL ter\u00e1 um lugar de destaque no pr\u00f3ximo Congresso Mundial Clima, que se realiza de 4 a 6 de junho de 2025 em Mil\u00e3o. Este importante evento re\u00fane especialistas, investigadores e l\u00edderes da ind\u00fastria de todo o mundo para debater e explorar solu\u00e7\u00f5es inovadoras no dom\u00ednio das tecnologias de climatiza\u00e7\u00e3o e refrigera\u00e7\u00e3o.<\/p>\n<p>O Congresso Mundial Clima serve de plataforma para o interc\u00e2mbio de conhecimentos, onde os participantes podem participar em workshops, apresenta\u00e7\u00f5es e pain\u00e9is de discuss\u00e3o centrados nos mais recentes avan\u00e7os na gest\u00e3o clim\u00e1tica e nos sistemas de refrigera\u00e7\u00e3o. Os participantes ter\u00e3o a oportunidade de conhecer as tecnologias emergentes, as melhores pr\u00e1ticas e a investiga\u00e7\u00e3o mais recente em \u00e1reas relacionadas com a efici\u00eancia energ\u00e9tica, a sustentabilidade e a resili\u00eancia clim\u00e1tica.<\/p>\n<p>No \u00e2mbito do congresso, o projeto AGRI COOL ir\u00e1 destacar as suas iniciativas destinadas a promover solu\u00e7\u00f5es de refrigera\u00e7\u00e3o eficientes no sector agr\u00edcola. O projeto centra-se na resolu\u00e7\u00e3o dos desafios das perdas p\u00f3s-colheita e do desperd\u00edcio alimentar atrav\u00e9s de pr\u00e1ticas de refrigera\u00e7\u00e3o sustent\u00e1veis, que s\u00e3o essenciais para garantir a seguran\u00e7a alimentar num clima em mudan\u00e7a.<\/p>\n<p>Junta-te a n\u00f3s no Congresso Mundial Clima para descobrires como podemos trabalhar em conjunto para enfrentar os desafios prementes das altera\u00e7\u00f5es clim\u00e1ticas e apoiar o desenvolvimento de solu\u00e7\u00f5es de refrigera\u00e7\u00e3o inovadoras na agricultura. Juntos, podemos ter um impacto significativo na seguran\u00e7a alimentar e na sustentabilidade para as gera\u00e7\u00f5es futuras.<\/p>\n<p>Para mais informa\u00e7\u00f5es sobre o Congresso Mundial Clima, visita o <a href=\"https:\/\/climaworldcongress.org\/\">s\u00edtio Web<\/a> oficial. Esperamos ver-te l\u00e1!<\/p>\n","protected":false},"excerpt":{"rendered":"<p>Temos o prazer de anunciar que o projeto AGRI COOL ter\u00e1 um lugar de destaque no pr\u00f3ximo Congresso Mundial Clima, que se realiza de 4 a 6 de junho de 2025 em Mil\u00e3o. Este importante evento re\u00fane especialistas, investigadores e l\u00edderes da ind\u00fastria de todo o mundo para debater e explorar solu\u00e7\u00f5es inovadoras no dom\u00ednio [&hellip;]<\/p>\n","protected":false},"author":1,"featured_media":1014,"comment_status":"","ping_status":"closed","template":"","tags":[],"mec_category":[],"class_list":["post-1236","mec-events","type-mec-events","status-publish","has-post-thumbnail","hentry"],"yoast_head":"<!-- This site is optimized with the Yoast SEO plugin v27.3 - https:\/\/yoast.com\/product\/yoast-seo-wordpress\/ -->\n<title>AGRI COOL no Clima 2025 - AGRI COOL<\/title>\n<meta name=\"robots\" content=\"index, follow, max-snippet:-1, max-image-preview:large, max-video-preview:-1\" \/>\n<link rel=\"canonical\" href=\"https:\/\/agri-cool.eu\/events\/agri-cool-at-clima-2025\/\" \/>\n<meta property=\"og:locale\" content=\"pt_PT\" \/>\n<meta property=\"og:type\" content=\"article\" \/>\n<meta property=\"og:title\" content=\"AGRI COOL no Clima 2025 - AGRI COOL\" \/>\n<meta property=\"og:description\" content=\"Temos o prazer de anunciar que o projeto AGRI COOL ter\u00e1 um lugar de destaque no pr\u00f3ximo Congresso Mundial Clima, que se realiza de 4 a 6 de junho de 2025 em Mil\u00e3o. Este importante evento re\u00fane especialistas, investigadores e l\u00edderes da ind\u00fastria de todo o mundo para debater e explorar solu\u00e7\u00f5es inovadoras no dom\u00ednio [&hellip;]\" \/>\n<meta property=\"og:url\" content=\"https:\/\/agri-cool.eu\/events\/agri-cool-at-clima-2025\/\" \/>\n<meta property=\"og:site_name\" content=\"AGRI COOL\" \/>\n<meta property=\"og:image\" content=\"https:\/\/agri-cool.eu\/wp-content\/uploads\/2024\/10\/CLIMA_Logo_CMYK_Base_2025.png\" \/>\n\t<meta property=\"og:image:width\" content=\"1704\" \/>\n\t<meta property=\"og:image:height\" content=\"922\" \/>\n\t<meta property=\"og:image:type\" content=\"image\/png\" \/>\n<meta name=\"twitter:card\" content=\"summary_large_image\" \/>\n<meta name=\"twitter:label1\" content=\"Tempo estimado de leitura\" \/>\n\t<meta name=\"twitter:data1\" content=\"1 minuto\" \/>\n<script type=\"application\/ld+json\" class=\"yoast-schema-graph\">{\"@context\":\"https:\\\/\\\/schema.org\",\"@graph\":[{\"@type\":\"WebPage\",\"@id\":\"https:\\\/\\\/agri-cool.eu\\\/events\\\/agri-cool-at-clima-2025\\\/\",\"url\":\"https:\\\/\\\/agri-cool.eu\\\/events\\\/agri-cool-at-clima-2025\\\/\",\"name\":\"AGRI COOL no Clima 2025 - AGRI COOL\",\"isPartOf\":{\"@id\":\"https:\\\/\\\/agri-cool.eu\\\/#website\"},\"primaryImageOfPage\":{\"@id\":\"https:\\\/\\\/agri-cool.eu\\\/events\\\/agri-cool-at-clima-2025\\\/#primaryimage\"},\"image\":{\"@id\":\"https:\\\/\\\/agri-cool.eu\\\/events\\\/agri-cool-at-clima-2025\\\/#primaryimage\"},\"thumbnailUrl\":\"https:\\\/\\\/agri-cool.eu\\\/wp-content\\\/uploads\\\/2024\\\/10\\\/CLIMA_Logo_CMYK_Base_2025.png\",\"datePublished\":\"2024-10-30T07:18:05+00:00\",\"breadcrumb\":{\"@id\":\"https:\\\/\\\/agri-cool.eu\\\/events\\\/agri-cool-at-clima-2025\\\/#breadcrumb\"},\"inLanguage\":\"pt-PT\",\"potentialAction\":[{\"@type\":\"ReadAction\",\"target\":[\"https:\\\/\\\/agri-cool.eu\\\/events\\\/agri-cool-at-clima-2025\\\/\"]}]},{\"@type\":\"ImageObject\",\"inLanguage\":\"pt-PT\",\"@id\":\"https:\\\/\\\/agri-cool.eu\\\/events\\\/agri-cool-at-clima-2025\\\/#primaryimage\",\"url\":\"https:\\\/\\\/agri-cool.eu\\\/wp-content\\\/uploads\\\/2024\\\/10\\\/CLIMA_Logo_CMYK_Base_2025.png\",\"contentUrl\":\"https:\\\/\\\/agri-cool.eu\\\/wp-content\\\/uploads\\\/2024\\\/10\\\/CLIMA_Logo_CMYK_Base_2025.png\",\"width\":1704,\"height\":922},{\"@type\":\"BreadcrumbList\",\"@id\":\"https:\\\/\\\/agri-cool.eu\\\/events\\\/agri-cool-at-clima-2025\\\/#breadcrumb\",\"itemListElement\":[{\"@type\":\"ListItem\",\"position\":1,\"name\":\"Home\",\"item\":\"https:\\\/\\\/agri-cool.eu\\\/pt-pt\\\/casa\\\/\"},{\"@type\":\"ListItem\",\"position\":2,\"name\":\"Events\",\"item\":\"https:\\\/\\\/agri-cool.eu\\\/events\\\/\"},{\"@type\":\"ListItem\",\"position\":3,\"name\":\"AGRI COOL no Clima 2025\"}]},{\"@type\":\"WebSite\",\"@id\":\"https:\\\/\\\/agri-cool.eu\\\/#website\",\"url\":\"https:\\\/\\\/agri-cool.eu\\\/\",\"name\":\"AGRI COOL\",\"description\":\"\",\"potentialAction\":[{\"@type\":\"SearchAction\",\"target\":{\"@type\":\"EntryPoint\",\"urlTemplate\":\"https:\\\/\\\/agri-cool.eu\\\/?s={search_term_string}\"},\"query-input\":{\"@type\":\"PropertyValueSpecification\",\"valueRequired\":true,\"valueName\":\"search_term_string\"}}],\"inLanguage\":\"pt-PT\"}]}<\/script>\n<!-- \/ Yoast SEO plugin. -->","yoast_head_json":{"title":"AGRI COOL no Clima 2025 - AGRI COOL","robots":{"index":"index","follow":"follow","max-snippet":"max-snippet:-1","max-image-preview":"max-image-preview:large","max-video-preview":"max-video-preview:-1"},"canonical":"https:\/\/agri-cool.eu\/events\/agri-cool-at-clima-2025\/","og_locale":"pt_PT","og_type":"article","og_title":"AGRI COOL no Clima 2025 - AGRI COOL","og_description":"Temos o prazer de anunciar que o projeto AGRI COOL ter\u00e1 um lugar de destaque no pr\u00f3ximo Congresso Mundial Clima, que se realiza de 4 a 6 de junho de 2025 em Mil\u00e3o. Este importante evento re\u00fane especialistas, investigadores e l\u00edderes da ind\u00fastria de todo o mundo para debater e explorar solu\u00e7\u00f5es inovadoras no dom\u00ednio [&hellip;]","og_url":"https:\/\/agri-cool.eu\/events\/agri-cool-at-clima-2025\/","og_site_name":"AGRI COOL","og_image":[{"width":1704,"height":922,"url":"https:\/\/agri-cool.eu\/wp-content\/uploads\/2024\/10\/CLIMA_Logo_CMYK_Base_2025.png","type":"image\/png"}],"twitter_card":"summary_large_image","twitter_misc":{"Tempo estimado de leitura":"1 minuto"},"schema":{"@context":"https:\/\/schema.org","@graph":[{"@type":"WebPage","@id":"https:\/\/agri-cool.eu\/events\/agri-cool-at-clima-2025\/","url":"https:\/\/agri-cool.eu\/events\/agri-cool-at-clima-2025\/","name":"AGRI COOL no Clima 2025 - AGRI COOL","isPartOf":{"@id":"https:\/\/agri-cool.eu\/#website"},"primaryImageOfPage":{"@id":"https:\/\/agri-cool.eu\/events\/agri-cool-at-clima-2025\/#primaryimage"},"image":{"@id":"https:\/\/agri-cool.eu\/events\/agri-cool-at-clima-2025\/#primaryimage"},"thumbnailUrl":"https:\/\/agri-cool.eu\/wp-content\/uploads\/2024\/10\/CLIMA_Logo_CMYK_Base_2025.png","datePublished":"2024-10-30T07:18:05+00:00","breadcrumb":{"@id":"https:\/\/agri-cool.eu\/events\/agri-cool-at-clima-2025\/#breadcrumb"},"inLanguage":"pt-PT","potentialAction":[{"@type":"ReadAction","target":["https:\/\/agri-cool.eu\/events\/agri-cool-at-clima-2025\/"]}]},{"@type":"ImageObject","inLanguage":"pt-PT","@id":"https:\/\/agri-cool.eu\/events\/agri-cool-at-clima-2025\/#primaryimage","url":"https:\/\/agri-cool.eu\/wp-content\/uploads\/2024\/10\/CLIMA_Logo_CMYK_Base_2025.png","contentUrl":"https:\/\/agri-cool.eu\/wp-content\/uploads\/2024\/10\/CLIMA_Logo_CMYK_Base_2025.png","width":1704,"height":922},{"@type":"BreadcrumbList","@id":"https:\/\/agri-cool.eu\/events\/agri-cool-at-clima-2025\/#breadcrumb","itemListElement":[{"@type":"ListItem","position":1,"name":"Home","item":"https:\/\/agri-cool.eu\/pt-pt\/casa\/"},{"@type":"ListItem","position":2,"name":"Events","item":"https:\/\/agri-cool.eu\/events\/"},{"@type":"ListItem","position":3,"name":"AGRI COOL no Clima 2025"}]},{"@type":"WebSite","@id":"https:\/\/agri-cool.eu\/#website","url":"https:\/\/agri-cool.eu\/","name":"AGRI COOL","description":"","potentialAction":[{"@type":"SearchAction","target":{"@type":"EntryPoint","urlTemplate":"https:\/\/agri-cool.eu\/?s={search_term_string}"},"query-input":{"@type":"PropertyValueSpecification","valueRequired":true,"valueName":"search_term_string"}}],"inLanguage":"pt-PT"}]}},"_links":{"self":[{"href":"https:\/\/agri-cool.eu\/pt-pt\/wp-json\/wp\/v2\/mec-events\/1236","targetHints":{"allow":["GET"]}}],"collection":[{"href":"https:\/\/agri-cool.eu\/pt-pt\/wp-json\/wp\/v2\/mec-events"}],"about":[{"href":"https:\/\/agri-cool.eu\/pt-pt\/wp-json\/wp\/v2\/types\/mec-events"}],"author":[{"embeddable":true,"href":"https:\/\/agri-cool.eu\/pt-pt\/wp-json\/wp\/v2\/users\/1"}],"replies":[{"embeddable":true,"href":"https:\/\/agri-cool.eu\/pt-pt\/wp-json\/wp\/v2\/comments?post=1236"}],"wp:featuredmedia":[{"embeddable":true,"href":"https:\/\/agri-cool.eu\/pt-pt\/wp-json\/wp\/v2\/media\/1014"}],"wp:attachment":[{"href":"https:\/\/agri-cool.eu\/pt-pt\/wp-json\/wp\/v2\/media?parent=1236"}],"wp:term":[{"taxonomy":"post_tag","embeddable":true,"href":"https:\/\/agri-cool.eu\/pt-pt\/wp-json\/wp\/v2\/tags?post=1236"},{"taxonomy":"mec_category","embeddable":true,"href":"https:\/\/agri-cool.eu\/pt-pt\/wp-json\/wp\/v2\/mec_category?post=1236"}],"curies":[{"name":"wp","href":"https:\/\/api.w.org\/{rel}","templated":true}]}}

<p>Temos o prazer de anunciar que o projeto AGRI COOL terá um lugar de destaque no próximo Congresso Mundial Clima, que se realiza de 4 a 6 de junho de 2025 em Milão. Este importante evento reúne especialistas, investigadores e líderes da indústria de todo o mundo para debater e explorar soluções inovadoras no domínio das tecnologias de climatização e refrigeração.</p>
<p>O Congresso Mundial Clima serve de plataforma para o intercâmbio de conhecimentos, onde os participantes podem participar em workshops, apresentações e painéis de discussão centrados nos mais recentes avanços na gestão climática e nos sistemas de refrigeração. Os participantes terão a oportunidade de conhecer as tecnologias emergentes, as melhores práticas e a investigação mais recente em áreas relacionadas com a eficiência energética, a sustentabilidade e a resiliência climática.</p>
<p>No âmbito do congresso, o projeto AGRI COOL irá destacar as suas iniciativas destinadas a promover soluções de refrigeração eficientes no sector agrícola. O projeto centra-se na resolução dos desafios das perdas pós-colheita e do desperdício alimentar através de práticas de refrigeração sustentáveis, que são essenciais para garantir a segurança alimentar num clima em mudança.</p>
<p>Junta-te a nós no Congresso Mundial Clima para descobrires como podemos trabalhar em conjunto para enfrentar os desafios prementes das alterações climáticas e apoiar o desenvolvimento de soluções de refrigeração inovadoras na agricultura. Juntos, podemos ter um impacto significativo na segurança alimentar e na sustentabilidade para as gerações futuras.</p>
<p>Para mais informações sobre o Congresso Mundial Clima, visita o <a href="https://climaworldcongress.org/">sítio Web</a> oficial. Esperamos ver-te lá!</p>

<p>Temos o prazer de anunciar que o projeto AGRI COOL terá um lugar de destaque no próximo Congresso Mundial Clima, que se realiza de 4 a 6 de junho de 2025 em Milão. Este importante evento reúne especialistas, investigadores e líderes da indústria de todo o mundo para debater e explorar soluções inovadoras no domínio [&hellip;]</p>

<!-- This site is optimized with the Yoast SEO plugin v27.3 - https://yoast.com/product/yoast-seo-wordpress/ -->
<title>AGRI COOL no Clima 2025 - AGRI COOL</title>
<meta name="robots" content="index, follow, max-snippet:-1, max-image-preview:large, max-video-preview:-1" />
<link rel="canonical" href="https://agri-cool.eu/events/agri-cool-at-clima-2025/" />
<meta property="og:locale" content="pt_PT" />
<meta property="og:type" content="article" />
<meta property="og:title" content="AGRI COOL no Clima 2025 - AGRI COOL" />
<meta property="og:description" content="Temos o prazer de anunciar que o projeto AGRI COOL terá um lugar de destaque no próximo Congresso Mundial Clima, que se realiza de 4 a 6 de junho de 2025 em Milão. Este importante evento reúne especialistas, investigadores e líderes da indústria de todo o mundo para debater e explorar soluções inovadoras no domínio [&hellip;]" />
<meta property="og:url" content="https://agri-cool.eu/events/agri-cool-at-clima-2025/" />
<meta property="og:site_name" content="AGRI COOL" />
<meta property="og:image" content="https://agri-cool.eu/wp-content/uploads/2024/10/CLIMA_Logo_CMYK_Base_2025.png" />
	<meta property="og:image:width" content="1704" />
	<meta property="og:image:height" content="922" />
	<meta property="og:image:type" content="image/png" />
<meta name="twitter:card" content="summary_large_image" />
<meta name="twitter:label1" content="Tempo estimado de leitura" />
	<meta name="twitter:data1" content="1 minuto" />
<script type="application/ld+json" class="yoast-schema-graph">{"@context":"https:\/\/schema.org","@graph":[{"@type":"WebPage","@id":"https:\/\/agri-cool.eu\/events\/agri-cool-at-clima-2025\/","url":"https:\/\/agri-cool.eu\/events\/agri-cool-at-clima-2025\/","name":"AGRI COOL no Clima 2025 - AGRI COOL","isPartOf":{"@id":"https:\/\/agri-cool.eu\/#website"},"primaryImageOfPage":{"@id":"https:\/\/agri-cool.eu\/events\/agri-cool-at-clima-2025\/#primaryimage"},"image":{"@id":"https:\/\/agri-cool.eu\/events\/agri-cool-at-clima-2025\/#primaryimage"},"thumbnailUrl":"https:\/\/agri-cool.eu\/wp-content\/uploads\/2024\/10\/CLIMA_Logo_CMYK_Base_2025.png","datePublished":"2024-10-30T07:18:05+00:00","breadcrumb":{"@id":"https:\/\/agri-cool.eu\/events\/agri-cool-at-clima-2025\/#breadcrumb"},"inLanguage":"pt-PT","potentialAction":[{"@type":"ReadAction","target":["https:\/\/agri-cool.eu\/events\/agri-cool-at-clima-2025\/"]}]},{"@type":"ImageObject","inLanguage":"pt-PT","@id":"https:\/\/agri-cool.eu\/events\/agri-cool-at-clima-2025\/#primaryimage","url":"https:\/\/agri-cool.eu\/wp-content\/uploads\/2024\/10\/CLIMA_Logo_CMYK_Base_2025.png","contentUrl":"https:\/\/agri-cool.eu\/wp-content\/uploads\/2024\/10\/CLIMA_Logo_CMYK_Base_2025.png","width":1704,"height":922},{"@type":"BreadcrumbList","@id":"https:\/\/agri-cool.eu\/events\/agri-cool-at-clima-2025\/#breadcrumb","itemListElement":[{"@type":"ListItem","position":1,"name":"Home","item":"https:\/\/agri-cool.eu\/pt-pt\/casa\/"},{"@type":"ListItem","position":2,"name":"Events","item":"https:\/\/agri-cool.eu\/events\/"},{"@type":"ListItem","position":3,"name":"AGRI COOL no Clima 2025"}]},{"@type":"WebSite","@id":"https:\/\/agri-cool.eu\/#website","url":"https:\/\/agri-cool.eu\/","name":"AGRI COOL","description":"","potentialAction":[{"@type":"SearchAction","target":{"@type":"EntryPoint","urlTemplate":"https:\/\/agri-cool.eu\/?s={search_term_string}"},"query-input":{"@type":"PropertyValueSpecification","valueRequired":true,"valueName":"search_term_string"}}],"inLanguage":"pt-PT"}]}</script>
<!-- / Yoast SEO plugin. -->

Temos o prazer de anunciar que o projeto AGRI COOL terá um lugar de destaque no próximo Congresso Mundial Clima, que se realiza de 4 a 6 de junho de 2025 em Milão. Este importante evento reúne especialistas, investigadores e líderes da indústria de todo o mundo para debater e explorar soluções inovadoras no domínio [&hellip;]
